{"id":2098,"date":"2025-07-18T19:19:30","date_gmt":"2025-07-18T19:19:30","guid":{"rendered":"https:\/\/institutoandreamurta.com.br\/?page_id=2098"},"modified":"2025-07-18T20:51:42","modified_gmt":"2025-07-18T20:51:42","slug":"livro","status":"publish","type":"page","link":"https:\/\/institutoandreamurta.com.br\/?page_id=2098","title":{"rendered":"Livro"},"content":{"rendered":"<style>.elementor-2098 .elementor-element.elementor-element-56e5908:not(.elementor-motion-effects-element-type-background), .elementor-2098 .elementor-element.elementor-element-56e5908 > .elementor-motion-effects-container > .elementor-motion-effects-layer{background-color:var( --e-global-color-primary );background-image:url(\"https:\/\/institutoandreamurta.com.br\/wp-content\/uploads\/2025\/07\/ANDREA-CLINICA.jpg\");background-position:0px 32%;background-size:cover;}.elementor-2098 .elementor-element.elementor-element-56e5908 > .elementor-background-overlay{background-color:transparent;background-image:linear-gradient(0deg, var( --e-global-color-primary ) 13%, #FFFFFF00 100%);opacity:1;transition:background 0.3s, border-radius 0.3s, opacity 0.3s;}.elementor-2098 .elementor-element.elementor-element-56e5908 > .elementor-container{max-width:1170px;}.elementor-2098 .elementor-element.elementor-element-56e5908{transition:background 0.3s, border 0.3s, border-radius 0.3s, box-shadow 0.3s;padding:140px 0px 140px 0px;}.elementor-2098 .elementor-element.elementor-element-b267440.elementor-column > .elementor-widget-wrap{justify-content:center;}.elementor-2098 .elementor-element.elementor-element-752c0f2 .jeg-elementor-kit.jkit-animated-text{text-align:center;}.elementor-2098 .elementor-element.elementor-element-752c0f2 .jeg-elementor-kit.jkit-animated-text .animated-text .normal-text{font-family:\"Neue Has\", Sans-serif;font-weight:200;}.elementor-2098 .elementor-element.elementor-element-752c0f2 .jeg-elementor-kit.jkit-animated-text .animated-text .normal-text.style-color{color:var( --e-global-color-c3e5fb3 );}.elementor-2098 .elementor-element.elementor-element-2c5d84c8:not(.elementor-motion-effects-element-type-background), .elementor-2098 .elementor-element.elementor-element-2c5d84c8 > .elementor-motion-effects-container > .elementor-motion-effects-layer{background-color:var( --e-global-color-accent );}.elementor-2098 .elementor-element.elementor-element-2c5d84c8 > .elementor-container{max-width:1180px;}.elementor-2098 .elementor-element.elementor-element-2c5d84c8{transition:background 0.3s, border 0.3s, border-radius 0.3s, box-shadow 0.3s;padding:60px 0px 60px 0px;}.elementor-2098 .elementor-element.elementor-element-2c5d84c8 > .elementor-background-overlay{transition:background 0.3s, border-radius 0.3s, opacity 0.3s;}.elementor-2098 .elementor-element.elementor-element-1cfbea3d:not(.elementor-motion-effects-element-type-background) > .elementor-widget-wrap, .elementor-2098 .elementor-element.elementor-element-1cfbea3d > .elementor-widget-wrap > .elementor-motion-effects-container > .elementor-motion-effects-layer{background-color:var( --e-global-color-primary );background-image:url(\"https:\/\/institutoandreamurta.com.br\/wp-content\/uploads\/2025\/07\/CAPA-LIVRO.jpeg\");background-position:center center;background-repeat:no-repeat;background-size:cover;}.elementor-bc-flex-widget .elementor-2098 .elementor-element.elementor-element-1cfbea3d.elementor-column .elementor-widget-wrap{align-items:flex-end;}.elementor-2098 .elementor-element.elementor-element-1cfbea3d.elementor-column.elementor-element[data-element_type=\"column\"] > .elementor-widget-wrap.elementor-element-populated{align-content:flex-end;align-items:flex-end;}.elementor-2098 .elementor-element.elementor-element-1cfbea3d > .elementor-element-populated >  .elementor-background-overlay{opacity:1;}.elementor-2098 .elementor-element.elementor-element-1cfbea3d > .elementor-element-populated, .elementor-2098 .elementor-element.elementor-element-1cfbea3d > .elementor-element-populated > .elementor-background-overlay, .elementor-2098 .elementor-element.elementor-element-1cfbea3d > .elementor-background-slideshow{border-radius:30px 30px 30px 30px;}.elementor-2098 .elementor-element.elementor-element-1cfbea3d > .elementor-element-populated{transition:background 0.3s, border 0.3s, border-radius 0.3s, box-shadow 0.3s;padding:0px 0px 0px 0px;}.elementor-2098 .elementor-element.elementor-element-1cfbea3d > .elementor-element-populated > .elementor-background-overlay{transition:background 0.3s, border-radius 0.3s, opacity 0.3s;}.elementor-2098 .elementor-element.elementor-element-428721fe{--spacer-size:224px;}.elementor-2098 .elementor-element.elementor-element-3d76feeb > .elementor-element-populated >  .elementor-background-overlay{opacity:0.06;}.elementor-2098 .elementor-element.elementor-element-3d76feeb > .elementor-element-populated{transition:background 0.3s, border 0.3s, border-radius 0.3s, box-shadow 0.3s;padding:10% 10% 10% 10%;}.elementor-2098 .elementor-element.elementor-element-3d76feeb > .elementor-element-populated > .elementor-background-overlay{transition:background 0.3s, border-radius 0.3s, opacity 0.3s;}.elementor-widget-heading .elementor-heading-title{font-family:var( --e-global-typography-primary-font-family ), Sans-serif;font-size:var( --e-global-typography-primary-font-size );font-weight:var( --e-global-typography-primary-font-weight );line-height:var( --e-global-typography-primary-line-height );color:var( --e-global-color-primary );}.elementor-2098 .elementor-element.elementor-element-5b9909eb .elementor-heading-title{font-family:\"Neue Has\", Sans-serif;font-size:32px;font-weight:200;line-height:1.2em;color:var( --e-global-color-text );}.elementor-widget-text-editor{font-family:var( --e-global-typography-text-font-family ), Sans-serif;font-size:var( --e-global-typography-text-font-size );font-weight:var( --e-global-typography-text-font-weight );line-height:var( --e-global-typography-text-line-height );color:var( --e-global-color-text );}.elementor-widget-text-editor.elementor-drop-cap-view-stacked .elementor-drop-cap{background-color:var( --e-global-color-primary );}.elementor-widget-text-editor.elementor-drop-cap-view-framed .elementor-drop-cap, .elementor-widget-text-editor.elementor-drop-cap-view-default .elementor-drop-cap{color:var( --e-global-color-primary );border-color:var( --e-global-color-primary );}.elementor-2098 .elementor-element.elementor-element-1c5fa73b{text-align:left;font-family:\"Montserrat\", Sans-serif;font-size:16px;font-weight:300;line-height:1.5em;color:var( --e-global-color-text );}.elementor-widget-button .elementor-button{background-color:var( --e-global-color-accent );font-family:var( --e-global-typography-accent-font-family ), Sans-serif;font-size:var( --e-global-typography-accent-font-size );font-weight:var( --e-global-typography-accent-font-weight );line-height:var( --e-global-typography-accent-line-height );}.elementor-2098 .elementor-element.elementor-element-32c843c .elementor-button{background-color:var( --e-global-color-primary );font-family:\"Inter\", Sans-serif;font-size:13px;font-weight:500;line-height:1em;border-radius:30px 30px 30px 30px;}@media(max-width:1024px) and (min-width:768px){.elementor-2098 .elementor-element.elementor-element-1cfbea3d{width:100%;}.elementor-2098 .elementor-element.elementor-element-3d76feeb{width:100%;}}@media(max-width:1024px){.elementor-2098 .elementor-element.elementor-element-56e5908:not(.elementor-motion-effects-element-type-background), .elementor-2098 .elementor-element.elementor-element-56e5908 > .elementor-motion-effects-container > .elementor-motion-effects-layer{background-position:0px 0px;}.elementor-2098 .elementor-element.elementor-element-56e5908{padding:120px 10px 120px 10px;}.elementor-2098 .elementor-element.elementor-element-428721fe{--spacer-size:478px;}.elementor-2098 .elementor-element.elementor-element-3d76feeb > .elementor-element-populated{padding:80px 40px 80px 40px;}.elementor-widget-heading .elementor-heading-title{font-size:var( --e-global-typography-primary-font-size );line-height:var( --e-global-typography-primary-line-height );}.elementor-widget-text-editor{font-size:var( --e-global-typography-text-font-size );line-height:var( --e-global-typography-text-line-height );}.elementor-widget-button .elementor-button{font-size:var( --e-global-typography-accent-font-size );line-height:var( --e-global-typography-accent-line-height );}}@media(max-width:767px){.elementor-2098 .elementor-element.elementor-element-56e5908:not(.elementor-motion-effects-element-type-background), .elementor-2098 .elementor-element.elementor-element-56e5908 > .elementor-motion-effects-container > .elementor-motion-effects-layer{background-position:0px 0px;}.elementor-2098 .elementor-element.elementor-element-56e5908{padding:80px 10px 80px 10px;}.elementor-2098 .elementor-element.elementor-element-1cfbea3d > .elementor-element-populated{margin:10px 10px 10px 10px;--e-column-margin-right:10px;--e-column-margin-left:10px;}.elementor-2098 .elementor-element.elementor-element-428721fe{--spacer-size:496px;}.elementor-2098 .elementor-element.elementor-element-3d76feeb > .elementor-element-populated{padding:40px 20px 40px 20px;}.elementor-widget-heading .elementor-heading-title{font-size:var( --e-global-typography-primary-font-size );line-height:var( --e-global-typography-primary-line-height );}.elementor-2098 .elementor-element.elementor-element-5b9909eb .elementor-heading-title{font-size:24px;}.elementor-widget-text-editor{font-size:var( --e-global-typography-text-font-size );line-height:var( --e-global-typography-text-line-height );}.elementor-2098 .elementor-element.elementor-element-1c5fa73b{font-size:14px;}.elementor-widget-button .elementor-button{font-size:var( --e-global-typography-accent-font-size );line-height:var( --e-global-typography-accent-line-height );}.elementor-2098 .elementor-element.elementor-element-32c843c .elementor-button{font-size:12px;}}\/* Start Custom Fonts CSS *\/@font-face {\n\tfont-family: 'Neue Has';\n\tfont-style: normal;\n\tfont-weight: normal;\n\tfont-display: auto;\n\tsrc: url('https:\/\/institutoandreamurta.com.br\/wp-content\/uploads\/2025\/07\/NeueHaasDisplayMediu.ttf') format('truetype');\n}\n@font-face {\n\tfont-family: 'Neue Has';\n\tfont-style: normal;\n\tfont-weight: 400;\n\tfont-display: auto;\n\tsrc: url('https:\/\/institutoandreamurta.com.br\/wp-content\/uploads\/2025\/07\/NeueHaasDisplayXThin.ttf') format('truetype');\n}\n@font-face {\n\tfont-family: 'Neue Has';\n\tfont-style: normal;\n\tfont-weight: 300;\n\tfont-display: auto;\n\tsrc: url('https:\/\/institutoandreamurta.com.br\/wp-content\/uploads\/2025\/07\/NeueHaasDisplayLight.ttf') format('truetype');\n}\n@font-face {\n\tfont-family: 'Neue Has';\n\tfont-style: normal;\n\tfont-weight: 600;\n\tfont-display: auto;\n\tsrc: url('https:\/\/institutoandreamurta.com.br\/wp-content\/uploads\/2025\/07\/NeueHaasDisplayBold.ttf') format('truetype');\n}\n@font-face {\n\tfont-family: 'Neue Has';\n\tfont-style: normal;\n\tfont-weight: 700;\n\tfont-display: auto;\n\tsrc: url('https:\/\/institutoandreamurta.com.br\/wp-content\/uploads\/2025\/07\/NeueHaasDisplayBlack.ttf') format('truetype');\n}\n\/* End Custom Fonts CSS *\/<\/style>\t\t<div data-elementor-type=\"wp-page\" data-elementor-id=\"2098\" class=\"elementor elementor-2098\" data-elementor-post-type=\"page\">\n\t\t\t\t\t\t<section class=\"elementor-section elementor-top-section elementor-element elementor-element-56e5908 elementor-section-boxed elementor-section-height-default elementor-section-height-default\" data-id=\"56e5908\" data-element_type=\"section\" data-settings=\"{&quot;background_background&quot;:&quot;classic&quot;}\">\n\t\t\t\t\t\t\t<div class=\"elementor-background-overlay\"><\/div>\n\t\t\t\t\t\t\t<div class=\"elementor-container elementor-column-gap-default\">\n\t\t\t\t\t<div class=\"elementor-column elementor-col-100 elementor-top-column elementor-element elementor-element-b267440\" data-id=\"b267440\" data-element_type=\"column\">\n\t\t\t<div class=\"elementor-widget-wrap elementor-element-populated\">\n\t\t\t\t\t\t<div class=\"elementor-element elementor-element-752c0f2 elementor-widget elementor-widget-jkit_animated_text\" data-id=\"752c0f2\" data-element_type=\"widget\" data-widget_type=\"jkit_animated_text.default\">\n\t\t\t\t<div class=\"elementor-widget-container\">\n\t\t\t\t\t<div  class=\"jeg-elementor-kit jkit-animated-text jeg_module___69ddcf3462eb8\"  data-style=\"none\"><p class=\"animated-text\"><span class=\"normal-text style-color\">Livro<\/span><span class=\"dynamic-wrapper style-gradient\"><span class=\"dynamic-text\"><\/span><\/span><span class=\"normal-text style-color\"><\/span><\/p><\/div>\t\t\t\t<\/div>\n\t\t\t\t<\/div>\n\t\t\t\t\t<\/div>\n\t\t<\/div>\n\t\t\t\t\t<\/div>\n\t\t<\/section>\n\t\t\t\t<section class=\"elementor-section elementor-top-section elementor-element elementor-element-2c5d84c8 elementor-reverse-tablet elementor-section-boxed elementor-section-height-default elementor-section-height-default\" data-id=\"2c5d84c8\" data-element_type=\"section\" data-settings=\"{&quot;background_background&quot;:&quot;classic&quot;}\">\n\t\t\t\t\t\t<div class=\"elementor-container elementor-column-gap-default\">\n\t\t\t\t\t<div class=\"elementor-column elementor-col-50 elementor-top-column elementor-element elementor-element-1cfbea3d\" data-id=\"1cfbea3d\" data-element_type=\"column\" data-settings=\"{&quot;background_background&quot;:&quot;classic&quot;}\">\n\t\t\t<div class=\"elementor-widget-wrap elementor-element-populated\">\n\t\t\t\t\t<div class=\"elementor-background-overlay\"><\/div>\n\t\t\t\t\t\t<div class=\"elementor-element elementor-element-428721fe elementor-widget elementor-widget-spacer\" data-id=\"428721fe\" data-element_type=\"widget\" data-widget_type=\"spacer.default\">\n\t\t\t\t<div class=\"elementor-widget-container\">\n\t\t\t\t\t\t\t<div class=\"elementor-spacer\">\n\t\t\t<div class=\"elementor-spacer-inner\"><\/div>\n\t\t<\/div>\n\t\t\t\t\t\t<\/div>\n\t\t\t\t<\/div>\n\t\t\t\t\t<\/div>\n\t\t<\/div>\n\t\t\t\t<div class=\"elementor-column elementor-col-50 elementor-top-column elementor-element elementor-element-3d76feeb\" data-id=\"3d76feeb\" data-element_type=\"column\" data-settings=\"{&quot;background_background&quot;:&quot;classic&quot;}\">\n\t\t\t<div class=\"elementor-widget-wrap elementor-element-populated\">\n\t\t\t\t\t<div class=\"elementor-background-overlay\"><\/div>\n\t\t\t\t\t\t<div class=\"elementor-element elementor-element-5b9909eb elementor-widget elementor-widget-heading\" data-id=\"5b9909eb\" data-element_type=\"widget\" data-widget_type=\"heading.default\">\n\t\t\t\t<div class=\"elementor-widget-container\">\n\t\t\t\t\t<h2 class=\"elementor-heading-title elementor-size-default\">Vida e Carreira de Andr\u00e9a Murta<\/h2>\t\t\t\t<\/div>\n\t\t\t\t<\/div>\n\t\t\t\t<div class=\"elementor-element elementor-element-1c5fa73b elementor-widget elementor-widget-text-editor\" data-id=\"1c5fa73b\" data-element_type=\"widget\" data-widget_type=\"text-editor.default\">\n\t\t\t\t<div class=\"elementor-widget-container\">\n\t\t\t\t\t\t\t\t\t<p><span style=\"font-weight: 400;\">Vida e Carreira de Andr\u00e9a Murta \u00e9 uma obra que inspira, acolhe e provoca reflex\u00f5es profundas sobre os caminhos que trilhamos na vida pessoal e profissional. E agora \u00e9 um BEST SELLER! Com uma narrativa envolvente e aut\u00eantica, Andr\u00e9a compartilha sua jornada real feita de altos e baixos, escolhas dif\u00edceis, f\u00e9, coragem e muita resili\u00eancia.<\/span><\/p><p><span style=\"font-weight: 400;\">Mais do que contar sua hist\u00f3ria, ela abre o cora\u00e7\u00e3o para mostrar como superou desafios, quebrou padr\u00f5es e construiu uma carreira s\u00f3lida sem deixar de lado seus valores e afetos. O livro \u00e9 um convite ao autoconhecimento, ao equil\u00edbrio entre vida e trabalho e \u00e0 busca por um prop\u00f3sito que v\u00e1 al\u00e9m do sucesso financeiro.<\/span><\/p><p><span style=\"font-weight: 400;\">Voltado para profissionais, estudantes, mulheres que buscam inspira\u00e7\u00e3o ou qualquer pessoa em fase de mudan\u00e7a, Vida e Carreira de Andr\u00e9a Murta \u00e9 a leitura ideal para quem deseja crescer com consci\u00eancia, prop\u00f3sito e verdade.<\/span><\/p><p><span style=\"font-weight: 400;\">Prepare-se para se emocionar, se identificar e sair dessa leitura com o cora\u00e7\u00e3o mais leve e a mente mais clara sobre onde voc\u00ea est\u00e1 e onde quer chegar.<\/span><\/p><p><span style=\"font-weight: 400;\">Clique aqui e adquira o seu! <\/span><\/p>\t\t\t\t\t\t\t\t<\/div>\n\t\t\t\t<\/div>\n\t\t\t\t<div class=\"elementor-element elementor-element-32c843c elementor-widget elementor-widget-button\" data-id=\"32c843c\" data-element_type=\"widget\" data-widget_type=\"button.default\">\n\t\t\t\t<div class=\"elementor-widget-container\">\n\t\t\t\t\t\t\t\t\t<div class=\"elementor-button-wrapper\">\n\t\t\t\t\t<a class=\"elementor-button elementor-button-link elementor-size-sm\" href=\"https:\/\/hotmart.com\/pt-br\/marketplace\/produtos\/vida-e-carreira-de-andrea-murta\/L100773990Y\" target=\"_blank\">\n\t\t\t\t\t\t<span class=\"elementor-button-content-wrapper\">\n\t\t\t\t\t\t\t\t\t<span class=\"elementor-button-text\">Quero adquirir o meu<\/span>\n\t\t\t\t\t<\/span>\n\t\t\t\t\t<\/a>\n\t\t\t\t<\/div>\n\t\t\t\t\t\t\t\t<\/div>\n\t\t\t\t<\/div>\n\t\t\t\t\t<\/div>\n\t\t<\/div>\n\t\t\t\t\t<\/div>\n\t\t<\/section>\n\t\t\t\t<\/div>\n\t\t","protected":false},"excerpt":{"rendered":"<p>Livro Vida e Carreira de Andr\u00e9a Murta Vida e Carreira de Andr\u00e9a Murta \u00e9 uma obra que inspira, acolhe e provoca reflex\u00f5es profundas sobre os caminhos que trilhamos na vida pessoal e profissional. E agora \u00e9 um BEST SELLER! Com uma narrativa envolvente e aut\u00eantica, Andr\u00e9a compartilha sua jornada real feita de altos e baixos, [&hellip;]<\/p>\n","protected":false},"author":4,"featured_media":0,"parent":0,"menu_order":0,"comment_status":"closed","ping_status":"closed","template":"elementor_header_footer","meta":{"_joinchat":[],"footnotes":""},"class_list":["post-2098","page","type-page","status-publish","hentry"],"yoast_head":"<!-- This site is optimized with the Yoast SEO plugin v26.2 - https:\/\/yoast.com\/wordpress\/plugins\/seo\/ -->\n<title>Livro - Instituto Andrea Murta<\/title>\n<meta name=\"robots\" content=\"index, follow, max-snippet:-1, max-image-preview:large, max-video-preview:-1\" \/>\n<link rel=\"canonical\" href=\"https:\/\/institutoandreamurta.com.br\/?page_id=2098\" \/>\n<meta property=\"og:locale\" content=\"pt_BR\" \/>\n<meta property=\"og:type\" content=\"article\" \/>\n<meta property=\"og:title\" content=\"Livro - Instituto Andrea Murta\" \/>\n<meta property=\"og:description\" content=\"Livro Vida e Carreira de Andr\u00e9a Murta Vida e Carreira de Andr\u00e9a Murta \u00e9 uma obra que inspira, acolhe e provoca reflex\u00f5es profundas sobre os caminhos que trilhamos na vida pessoal e profissional. E agora \u00e9 um BEST SELLER! Com uma narrativa envolvente e aut\u00eantica, Andr\u00e9a compartilha sua jornada real feita de altos e baixos, [&hellip;]\" \/>\n<meta property=\"og:url\" content=\"https:\/\/institutoandreamurta.com.br\/?page_id=2098\" \/>\n<meta property=\"og:site_name\" content=\"Instituto Andrea Murta\" \/>\n<meta property=\"article:modified_time\" content=\"2025-07-18T20:51:42+00:00\" \/>\n<meta name=\"twitter:card\" content=\"summary_large_image\" \/>\n<meta name=\"twitter:label1\" content=\"Est. tempo de leitura\" \/>\n\t<meta name=\"twitter:data1\" content=\"2 minutos\" \/>\n<script type=\"application\/ld+json\" class=\"yoast-schema-graph\">{\"@context\":\"https:\/\/schema.org\",\"@graph\":[{\"@type\":\"WebPage\",\"@id\":\"https:\/\/institutoandreamurta.com.br\/?page_id=2098\",\"url\":\"https:\/\/institutoandreamurta.com.br\/?page_id=2098\",\"name\":\"Livro - Instituto Andrea Murta\",\"isPartOf\":{\"@id\":\"https:\/\/institutoandreamurta.com.br\/#website\"},\"datePublished\":\"2025-07-18T19:19:30+00:00\",\"dateModified\":\"2025-07-18T20:51:42+00:00\",\"breadcrumb\":{\"@id\":\"https:\/\/institutoandreamurta.com.br\/?page_id=2098#breadcrumb\"},\"inLanguage\":\"pt-BR\",\"potentialAction\":[{\"@type\":\"ReadAction\",\"target\":[\"https:\/\/institutoandreamurta.com.br\/?page_id=2098\"]}]},{\"@type\":\"BreadcrumbList\",\"@id\":\"https:\/\/institutoandreamurta.com.br\/?page_id=2098#breadcrumb\",\"itemListElement\":[{\"@type\":\"ListItem\",\"position\":1,\"name\":\"In\u00edcio\",\"item\":\"https:\/\/institutoandreamurta.com.br\/\"},{\"@type\":\"ListItem\",\"position\":2,\"name\":\"Livro\"}]},{\"@type\":\"WebSite\",\"@id\":\"https:\/\/institutoandreamurta.com.br\/#website\",\"url\":\"https:\/\/institutoandreamurta.com.br\/\",\"name\":\"Instituto Andrea Murta\",\"description\":\"Est\u00e9tica Avan\u00e7ada\",\"potentialAction\":[{\"@type\":\"SearchAction\",\"target\":{\"@type\":\"EntryPoint\",\"urlTemplate\":\"https:\/\/institutoandreamurta.com.br\/?s={search_term_string}\"},\"query-input\":{\"@type\":\"PropertyValueSpecification\",\"valueRequired\":true,\"valueName\":\"search_term_string\"}}],\"inLanguage\":\"pt-BR\"}]}<\/script>\n<!-- \/ Yoast SEO plugin. -->","yoast_head_json":{"title":"Livro - Instituto Andrea Murta","robots":{"index":"index","follow":"follow","max-snippet":"max-snippet:-1","max-image-preview":"max-image-preview:large","max-video-preview":"max-video-preview:-1"},"canonical":"https:\/\/institutoandreamurta.com.br\/?page_id=2098","og_locale":"pt_BR","og_type":"article","og_title":"Livro - Instituto Andrea Murta","og_description":"Livro Vida e Carreira de Andr\u00e9a Murta Vida e Carreira de Andr\u00e9a Murta \u00e9 uma obra que inspira, acolhe e provoca reflex\u00f5es profundas sobre os caminhos que trilhamos na vida pessoal e profissional. E agora \u00e9 um BEST SELLER! Com uma narrativa envolvente e aut\u00eantica, Andr\u00e9a compartilha sua jornada real feita de altos e baixos, [&hellip;]","og_url":"https:\/\/institutoandreamurta.com.br\/?page_id=2098","og_site_name":"Instituto Andrea Murta","article_modified_time":"2025-07-18T20:51:42+00:00","twitter_card":"summary_large_image","twitter_misc":{"Est. tempo de leitura":"2 minutos"},"schema":{"@context":"https:\/\/schema.org","@graph":[{"@type":"WebPage","@id":"https:\/\/institutoandreamurta.com.br\/?page_id=2098","url":"https:\/\/institutoandreamurta.com.br\/?page_id=2098","name":"Livro - Instituto Andrea Murta","isPartOf":{"@id":"https:\/\/institutoandreamurta.com.br\/#website"},"datePublished":"2025-07-18T19:19:30+00:00","dateModified":"2025-07-18T20:51:42+00:00","breadcrumb":{"@id":"https:\/\/institutoandreamurta.com.br\/?page_id=2098#breadcrumb"},"inLanguage":"pt-BR","potentialAction":[{"@type":"ReadAction","target":["https:\/\/institutoandreamurta.com.br\/?page_id=2098"]}]},{"@type":"BreadcrumbList","@id":"https:\/\/institutoandreamurta.com.br\/?page_id=2098#breadcrumb","itemListElement":[{"@type":"ListItem","position":1,"name":"In\u00edcio","item":"https:\/\/institutoandreamurta.com.br\/"},{"@type":"ListItem","position":2,"name":"Livro"}]},{"@type":"WebSite","@id":"https:\/\/institutoandreamurta.com.br\/#website","url":"https:\/\/institutoandreamurta.com.br\/","name":"Instituto Andrea Murta","description":"Est\u00e9tica Avan\u00e7ada","potentialAction":[{"@type":"SearchAction","target":{"@type":"EntryPoint","urlTemplate":"https:\/\/institutoandreamurta.com.br\/?s={search_term_string}"},"query-input":{"@type":"PropertyValueSpecification","valueRequired":true,"valueName":"search_term_string"}}],"inLanguage":"pt-BR"}]}},"_links":{"self":[{"href":"https:\/\/institutoandreamurta.com.br\/index.php?rest_route=\/wp\/v2\/pages\/2098","targetHints":{"allow":["GET"]}}],"collection":[{"href":"https:\/\/institutoandreamurta.com.br\/index.php?rest_route=\/wp\/v2\/pages"}],"about":[{"href":"https:\/\/institutoandreamurta.com.br\/index.php?rest_route=\/wp\/v2\/types\/page"}],"author":[{"embeddable":true,"href":"https:\/\/institutoandreamurta.com.br\/index.php?rest_route=\/wp\/v2\/users\/4"}],"replies":[{"embeddable":true,"href":"https:\/\/institutoandreamurta.com.br\/index.php?rest_route=%2Fwp%2Fv2%2Fcomments&post=2098"}],"version-history":[{"count":16,"href":"https:\/\/institutoandreamurta.com.br\/index.php?rest_route=\/wp\/v2\/pages\/2098\/revisions"}],"predecessor-version":[{"id":2226,"href":"https:\/\/institutoandreamurta.com.br\/index.php?rest_route=\/wp\/v2\/pages\/2098\/revisions\/2226"}],"wp:attachment":[{"href":"https:\/\/institutoandreamurta.com.br\/index.php?rest_route=%2Fwp%2Fv2%2Fmedia&parent=2098"}],"curies":[{"name":"wp","href":"https:\/\/api.w.org\/{rel}","templated":true}]}}